base 13.
-456
What is -10302 (base 7) in base 4?
-213312
Convert 2130 (base 10) to base 8.
4122
aea (base 15) to base 13
1180
Convert 10231 (base 10) to base 2.
10011111110111
What is 5cb (base 13) in base 11?
840
Convert 1420 (base 6) to base 4.
11310
2122141 (base 5) to base 13
13472
What is -1baa0 (base 12) in base 5?
-2310204
Convert -101011011 (base 2) to base 6.
-1335
Convert -20112 (base 4) to base 5.
-4114
Convert -12a5 (base 11) to base 4.
-122120
-1050 (base 7) to base 11
-314
13333 (base 4) to base 6
2211
3a (base 14) to base 2
110100
-120221 (base 3) to base 5
-3210
1045 (base 8) to base 13
333
What is 10596 (base 11) in base 4?
3233313
What is 39758 (base 10) in base 3?
2000112112
Convert 3178 (base 13) to base 2.
1101011001011
What is 1639 (base 12) in base 5?
41022
Convert 305 (base 13) to base 6.
2212
-111013 (base 4) to base 13
-7cc
Convert -243634 (base 8) to base 10.
-83868
What is -3021 (base 5) in base 9?
-468
What is 212210 (base 4) in base 2?
100110100100
What is -4557 (base 9) in base 2?
-110100101101
Convert -aa (base 15) to base 3.
-12221
Convert -2650 (base 11) to base 10.
-3443
-38a (base 12) to base 13
-325
Convert -2c41 (base 13) to base 3.
-22212211
What is 111101101011011 (base 2) in base 12?
16337
What is -103667 (base 8) in base 16?
-87b7
Convert -20211100 (base 3) to base 6.
-35013
Convert 6ef5 (base 16) to base 12.
14531
Convert -6273 (base 12) to base 14.
-3cb5
Convert 101111001 (base 2) to base 13.
230
1010111111 (base 2) to base 12
4a7
Convert 11699 (base 11) to base 12.
9886
Convert 20231 (base 4) to base 15.
272
What is -10010101101001 (base 2) in base 4?
-2111221
Convert 10100011101 (base 2) to base 7.
3550
What is -643 (base 8) in base 7?
-1136
121010 (base 3) to base 13
276
33d (base 14) to base 13
3a6
3441 (base 5) to base 7
1306
82378 (base 9) to base 8
151764
Convert 34041 (base 5) to base 6.
15032
What is -331143 (base 5) in base 12?
-673b
13446 (base 7) to base 6
24540
What is -2bd6 (base 14) in base 4?
-1322120
What is 791 (base 11) in base 9?
1262
-122111 (base 3) to base 7
-1243
What is 101331 (base 4) in base 12?
7b9
What is 209 (base 13) in base 16?
15b
ba9 (base 15) to base 11
1a85
Convert 1110302 (base 4) to base 12.
3182
Convert 390 (base 16) to base 10.
912
What is 3342430 (base 5) in base 12?
2a263
What is 312 (base 4) in base 10?
54
99c9 (base 16) to base 3
2000000010
Convert -730 (base 9) to base 16.
-252
What is -2644 (base 7) in base 4?
-33310
What is 101110101001 (base 2) in base 10?
2985
What is -145641 (base 7) in base 15?
-8669
Convert -cca (base 16) to base 15.
-e84
What is -710 (base 12) in base 3?
-1101210
What is -1024 (base 9) in base 3?
-1000211
What is 142 (base 16) in base 13?
1ba
-491b (base 12) to base 3
-102021212
Convert -467 (base 11) to base 7.
-1424
Convert 20102200 (base 3) to base 12.
2869
What is -111112202 (base 3) in base 15?
-2dd5
Convert -74da (base 14) to base 5.
-1121214
What is b75b (base 16) in base 11?
322a2
77 (base 15) to base 6
304
What is -75 (base 12) in base 10?
-89
What is -5005 (base 11) in base 4?
-1220010
What is 161 (base 7) in base 2?
1011100
Convert 22718 (base 12) to base 13.
17bc1
-2a9 (base 16) to base 10
-681
Convert 2031230 (base 4) to base 9.
13385
What is -49 (base 14) in base 16?
-41
Convert -512 (base 9) to base 7.
-1133
What is -20b (base 14) in base 9?
-487
Convert -333131 (base 4) to base 3.
-12120102
What is -4420 (base 5) in base 2?
-1001100010
385 (base 11) to base 9
556
2162 (base 8) to base 7
3214
What is -6613 (base 9) in base 3?
-20200110
1361 (base 11) to base 15
7c6
-10471 (base 15) to base 2
-1100100110101111
-9a3 (base 11) to base 13
-716
Convert -13b7c (base 14) to base 7.
-262415
Convert 34bb (base 14) to base 6.
110301
-7724 (base 15) to base 5
-1301414
Convert 332 (base 7) to base 6.
442
What is 55b (base 12) in base 16?
317
-70 (base 12) to base 10
-84
What is -3263 (base 10) in base 2?
-110010111111
What is 32875 (base 10) in base 9?
50077
Convert 133477 (base 8) to base 9.
71313
-560 (base 7) to base 15
-142
Convert 6366 (base 7) to base 8.
4315
Convert 6de (base 16) to base 15.
7c3
What is 5327 (base 14) in base 16?
3807
What is -852d (base 14) in base 6?
-254205
Convert -2146 (base 11) to base 4.
-230101
4819 (base 10) to base 6
34151
Convert -563 (base 7) to base 8.
-442
Convert 56d (base 14) to base 3.
1110220
3207 (base 8) to base 7
4605
-14261 (base 9) to base 12
-573a
Convert 15459 (base 11) to base 7.
120454
What is -307 (base 10) in base 14?
-17d
What is -211 (base 4) in base 6?
-101
What is 241453 (base 7) in base 5?
2400140
Convert 198 (base 16) to base 5.
3113
-2000 (base 3) to base 11
-4a
520 (base 13) to base 16
367
670 (base 8) to base 4
12320
351040 (base 6) to base 12
15480
-1017 (base 8) to base 10
-527
Convert 12210 (base 3) to base 15.
a6
-534 (base 7) to base 12
-1a6
What is 11021 (base 4) in base 8?
511
-1201302 (base 4) to base 15
-1cc3
Convert 302222 (base 4) to base 13.
1625
111303 (base 4) to base 12
983
What is -809 (base 11) in base 15?
-452
-555 (base 6) to base 14
-115
-44270 (base 9) to base 11
-20094
Convert -693 (base 11) to base 7.
-2262
1d16 (base 14) to base 7
21326
-a5 (base 13) to base 16
-87
Convert -587 (base 13) to base 7.
-2534
What is -48f (base 16) in base 2?
-10010001111
Convert 20021 (base 4) to base 13.
311
What is 1252 (base 6) in base 14?
18c
What is 130143 (base 5) in base 10?
5048
Convert 2211101 (base 3) to base 7.
6004
ca7 (base 15) to base 10
2857
483 (base 13) to base 6
3343
155 (base 7) to base 13
6b
1000001001010 (base 2) to base 13
1b8a
Convert -10001111110 (base 2) to base 13.
-6a6
What is 20132 (base 4) in base 7?
1403
-237 (base 11) to base 12
-1b6
What is 1216 (base 8) in base 9?
806
What is -776 (base 12) in base 2?
-10001001010
Convert -123411 (base 5) to base 15.
-168b
-24a3 (base 12) to base 7
-15054
What is 10122 (base 5) in base 14?
354
107 (base 12) to base 2
10010111
What is 306 (base 10) in base 4?
10302
What is -1344 (base 5) in base 16?
-e0
Convert -3222 (base 6) to base 16.
-2de
What is 18466 (base 10) in base 8?
44042
Convert 1d2 (base 14) to base 11.
316
101122001 (base 3) to base 5
222000
6115 (base 7) to base 13
c70
What is 1011112222 (base 3) in base 5?
1214003
-2002 (base 5) to base 6
-1100
Convert -332 (base 13) to base 12.
-398
13 (base 16) to base 2
10011
What is -10210102 (base 3) in base 5?
-42030
15676 (base 11) to base 5
1201410
What is 1052 (base 10) in base 16?
41c
What is 136b (base 15) in base 6?
31115
Convert -184 (base 16) to base 7.
-1063
Convert 283 (base 11) to base 15.
173
Convert -3947 (base 13) to base 7.
-32552
What is -355 (base 15) in base 10?
-755
-214 (base 8) to base 2
-10001100
Convert -574 (base 11) to base 6.
-3102
Convert -1690 (base 16) to base 6.
-42424
Convert -6172 (base 11) to base 13.
-3959
What is -31103 (base 4) in base 8?
-1523
What is 2031 (base 5) in base 15?
12b
What is -2821 (base 11) in base 12?
-2145
Convert 13021201 (base 4) to base 6.
343321
-138 (base 11) to base 7
-321
-1422 (base 6) to base 2
-101110110
Convert 123 (base 16) to base 8.
443
What is 3311 (base 4) in base 7?
500
-630 (base 16) to base 5
-22314
Convert 110111001 (base 2) to base 5.
3231
What is 265a0 (base 11) in base 12?
19b93
1262 (base 8) to base 5
10230
Convert 10110111 (base 2) to base 10.
183
-116206 (base 7) to base 8
-51572
-842 (base 11) to base 8
-1766
Convert -101111100011001 (base 2) to base 14.
-8c2d
Convert 54c (base 13) to base 12.
639
What is -1143 (base 5) in base 3?
-20102
33731 (base 8) to base 11
a818
Convert 2001 (base 7) to base 8.
1257
What is -2102 (base 10) in base 7?
-6062
What is 24399 (base 12) in base 15?
e773
Convert -1336 (base 8) to base 2.
-1011011110
What is d62 (base 16) in base 3?
11200220
213 (base 14) to base 4
12121
50750 (base 8) to base 2
101000111101000
Convert 567 (base 11) to base 8.
1246
9c48 (base 14) to base 11
19408
What is 140 (base 10) in base 4?
2030
Convert 302133 (base 4) to base 10.
3231
What is -2313133 (base 5) in base 14?
-11284
What is 262415 (base 7) in base 14?
13b7c
What is -1073 (base 8) in base 12?
-3b7
Convert 653 (base 11) to base 3.
1002001
23020 (base 4) to base 8
1310
2f6 (base 16) to base 3
1001002
Convert -61 (base 11) to base 4.
-1003
-169 (base